 + 11*p**2 - 16*p**2. Let v(y) = y**3 - 4*y**2 - y - 5. What is the remainder when v(6) is divided by d(-13)?
9
Let g = 1049 + -487. Suppose 4*u - 2*y = -g, 2*u - 7*u + y - 698 = 0. Let w = 159 + u. Calculate the remainder when 58 is divided by w.
18
Suppose 58 + 92 = 5*n. Suppose 0 = -17*i + 14*i + 174. Suppose 0 = u + i - 174. Calculate the remainder when u is divided by n.
26
Suppose -4*j - 92 = 2*b, -b + 2*j - 35 + 1 = 0. Let x = -30 - b. Suppose -x*w = -13*w + 9. What is the remainder when 17 is divided by w?
2
Suppose -4*x + 44 = -4*s, 5*x = 51*s - 53*s + 34. What is the remainder when 572 is divided by x?
4
Let r(c) = -c**2 - 34*c - 214. Suppose -4*q = -2*j + 92, 4*q - 18 + 110 = -5*j. Calculate the remainder when r(q) is divided by 6.
3
Let w = -3051 - -3687. What is the remainder when w is divided by 212?
0
Suppose -a - 85 + 148 = -2*f, 0 = -a - f + 48. Calculate the remainder when 110 is divided by a.
4
Let g = 238 - 262. Let p(r) = 10*r - 1. Let t be p(4). Let f = g + t. Calculate the remainder when 26 is divided by f.
11
Let u = -3 - 5. Let k(g) = -g**3 - 9*g**2 - 8*g + 1. Let y be k(u). Calculate the remainder when (-8 - -4)*-6 + y is divided by 7.
4
Let j(t) = 94*t - 357*t + 122*t - 49 + 102*t + 80*t. Calculate the remainder when 93 is divided by j(2).
27
Suppose 7991 = 90*d - 1639. What is the remainder when 1065 is divided by d?
102
Suppose 3*p - 83 + 41 = 81. Calculate the remainder when 3115 is divided by p.
40
Calculate the remainder when 5790 is divided by (-18)/252 + -6 + 533/14.
30
Let p = -12 - -14. Suppose p*g - 5*g = -108. Calculate the remainder when 872/g + 2/(-9) is divided by 5.
4
Let v(y) = y + 42. Suppose c - 4*f = -9*f + 111, 5*c - 618 = -4*f. What is the remainder when c is divided by v(-5)?
15
Suppose 4*c + 0*p = -5*p - 23, 3*c = 5*p - 26. Let f(n) = n**2 + 3*n + 2. Let z(t) = t**2 - 36*t + 80. What is the remainder when f(c) is divided by z(34)?
6
Suppose -5807*t = -5835*t + 4760. Calculate the remainder when 2378 is divided by t.
168
Suppose -2*q - 3487 = -3*j, 84*j = 89*j + 3*q - 5856. What is the remainder when j is divided by 74?
57
Let o(y) = 11*y - 27. Let f be o(6). Let s = 14 - f. Let n = 14 - s. What is the remainder when n is divided by 5?
4
Suppose 44*g - 1708 = 1636. Calculate the remainder when g is divided by 7.
6
What is the remainder when 5459 is divided by ((252/(-81))/(-7) + 5/(-45))*117?
38
Suppose -2*z + 1163*y + 308 = 1161*y, z - 2*y = 159. What is the remainder when 569 is divided by z?
122
Let y be (3 + -17)/((-2)/20). Suppose 12*f = 17*f - y. Suppose b - 3*b - 2*m + 26 = 0, 4*m = b - 23. Calculate the remainder when f is divided by b.
13
Let n(l) = -3*l**2 - 24*l + 6. Let g be n(-5). Suppose 16*m = g*m - 1575. What is the remainder when m is divided by (-15 + -1)*(-1)/2?
5
Suppose j - 5*h - 50 = -4*j, 0 = j - 3*h - 20. Suppose -4*n - 42 = -w, 3*n + 4 - 99 = -j*w. Calculate the remainder when (-1218)/(-8) + (-3)/12 is divided by w.
20
Let i = 27019 - 26898. What is the remainder when 9558 is divided by i?
120
Let w(n) = -31*n + 1351 - 5*n - 1515. Calculate the remainder when w(-8) is divided by 44.
36
Suppose 982*b - 969*b = 299. Suppose -28*r = -b*r - 215. What is the remainder when 168 is divided by r?
39
Suppose -25 = -5*m + 95. Let f = -232 + 1534. Suppose f = 27*a - 6*a. What is the remainder when a is divided by m?
14
Let m(o) = -135*o**3 + o**2 - 1. Suppose -4*r + 9*r + 5 = 0. Let v(s) = -s**2 + 46*s - 425. What is the remainder when m(r) is divided by v(14)?
20
Suppose -2*i = -a - 2, 8*i = 5*a + 10*i + 58. What is the remainder when (387/(-6))/(5/a) is divided by 13?
12
Let g = 41 + 6. Let b = g - 44. Suppose 4*t - 6*y = -7*y + 26, 6 = 2*t - b*y. What is the remainder when t is divided by 3?
0
Suppose 17*g = 14797 + 4532. What is the remainder when g is divided by 13?
6
Let a(k) be the first derivative of -k**3/3 + 21*k**2/2 - 6*k + 132. Calculate the remainder when 59 is divided by a(19).
27
Suppose 39*m - 46*m + 554 = -4*y, 5*m - 395 = 3*y. Calculate the remainder when 633 is divided by m.
59
Let k be 2 - (2 - (-2 - 62)). Let u = 79 + k. Calculate the remainder when (-632)/(-28) - 4/7 is divided by u.
7
Let r be 12/2 + (-7 - -7) + -3. Suppose q = 4*n - 2021, 3*q = r*n - 1008 - 510. What is the remainder when n is divided by 22?
21
Suppose 2007 = 1546*c - 1085. What is the remainder when 1*(-1)/(1/(-19)) is divided by c?
1
What is the remainder when 13752 is divided by (-46*3/(-15))/((-24)/(-60))?
21
Let r be (-1 - (-4 + 0))*5/3. Let h = -30 + 51. Suppose r*f = h + 74. Calculate the remainder when 73 is divided by f.
16
Suppose -203 - 4690 = -21*f. What is the remainder when f is divided by 185?
48
Let n(i) = i**3 - 5*i**2 - 5*i + 6. Let w(r) = 81 + 90 - 169 + r**2. Let p be w(2). Calculate the remainder when n(p) is divided by 8.
4
Let s(p) = 179*p + 68. What is the remainder when 1222 is divided by s(0)?
66
Suppose -2*z = 5*a - 33, a - z = 2*z - 7. Let g(d) = -d**3 + 21*d**2 + 2*d - 21. What is the remainder when g(21) is divided by a?
1
Let o be (-1 - (-57)/9)/((-18)/(-27)). Suppose 174 = 3*y - 3*d, -2*d + 6 - o = 0. What is the remainder when y is divided by 31?
26
Let t(z) = -z**3 - 79*z**2 - 77*z + 685. Calculate the remainder when t(-78) is divided by 119.
12
Let h = 4 + 26. Let z be ((-18)/(-30) + -1)*90. Let u = 123 + z. Calculate the remainder when u is divided by h.
27
Suppose -2508 = -20*k + 43*k - 27*k. Calculate the remainder when k is divided by 36.
15
Let h(p) = -p**3 - 11*p**2 + 121*p + 66. What is the remainder when 709 is divided by h(7)?
27
Let b = 191 + -203. Calculate the remainder when (106/10)/(b/(-180)) is divided by 32.
31
Let p = -9800 - -9826. Let z(k) = -k**3 + k**2 - k + 126. Calculate the remainder when z(0) is divided by p.
22
Let g(f) = f**3 + 27*f**2 + 2*f + 27. Let x be g(-27). Let w = x - -77. What is the remainder when 140 is divided by w?
40
Suppose 0 = 3*a - 4*n - 328, -2*a - 5*n = 64 - 321. What is the remainder when a is divided by (40/(-14))/((-44)/14 + 3)?
16
Let a(b) = -b**2 - 67*b - 59. Let j = 19 - -20. Calculate the remainder when a(-63) is divided by j.
37
Suppose -m + 12*m = 44. Let n be (-1 - (-100)/m)/((-4)/(-16)). Suppose -149*p - n = -153*p. Calculate the remainder when 141 is divided by p.
21
Let q = 5988 - 4168. What is the remainder when q is divided by 61?
51
Suppose 12*z = 229 + 815. Suppose -z = -6*v + 69. What is the remainder when 50 is divided by v?
24
Suppose -17*y + 16*y = 2*o - 2245, 3367 = 3*o + y. Suppose 3*b = 3, 5*p - 11*b + 8*b = o. Calculate the remainder when p is divided by 47.
37
Let k(j) = -j**2 + 14*j + 71. Let w be k(18). Calculate the remainder when 92 is divided by (3 + -2 - -7)*(-2)/w.
12
Let c = -22 + 41. Suppose 3 - c = -2*k. Let p(h) = -7*h**3 - 32*h**2 - 8*h + 38. Calculate the remainder when k is divided by p(-4).
2
Let a be 3 + (9/(-1) - -6). Suppose a = 5*g - 3 - 12. Suppose -6*z + 3*z = -33. What is the remainder when z is divided by g?
2
Let y(x) = -11*x**2 - 3*x. Let s(k) = 2*k**2. Let d(q) = -5*s(q) - y(q). Let z be ((-6)/3)/(3/12). Calculate the remainder when 77 is divided by d(z).
37
Suppose 47*d + 112*d - 365427 = -12*d. Calculate the remainder when d is divided by 135.
112
Suppose 9*i - 1418 + 2278 - 11930 = 0. Calculate the remainder when i is divided by 77.
75
Let z(f) = 2091*f - 14613. Let l be 1/(-2)*6*-1. Suppose -l*u + c + 0*c + 284 = 0, -5*u = -c - 472. What is the remainder when u is divided by z(7)?
22
Let l(h) = 395*h + 1162. What is the remainder when l(7) is divided by 40?
7
Let q(g) = -g**3 + 13*g**2 + 15*g + 12. Let s be q(14). Suppose f = s + 9. What is the remainder when 139 is divided by f?
34
Suppose 0*d - 4*d = -20. Suppose 0 = 56*x - 48*x - 1064. Suppose x = 9*f - 29. What is the remainder when f is divided by d?
3
Let s = -742 + 765. Let m(l) = -48*l**3 - l. Calculate the remainder when 108/(-1242) + 3291/s is divided by m(-1).
45
Suppose 49 = 6*i + 1. Suppose 7*n - 5*n - 16 = 0. Suppose n*d - 6*d = 158. What is the remainder when d is divided by i?
7
Suppose 106 = 4*l + 3*h, 4*l - 92 = -0*l + 4*h. Suppose s - l = 2*a, -4*a + 2 = -18. What is the remainder when 908 is divided by s?
33
Suppose -1791 + 309 = -38*y. Suppose 5*u + 3*w - 15 = 0, 4*u = 2*u - 5*w +